 the prime factors of 57734550.
2, 3, 5, 17, 7547
List the prime factors of 264729570.
2, 3, 5, 7, 103, 12239
List the prime factors of 48978962.
2, 181, 135301
List the prime factors of 143493534.
2, 3, 311, 25633
List the prime factors of 621909814.
2, 29, 631, 16993
List the prime factors of 1797675688.
2, 224709461
What are the prime factors of 163783317?
3, 101, 540539
List the prime factors of 2030900770.
2, 5, 37, 5488921
List the prime factors of 328122502.
2, 821, 199831
What are the prime factors of 1601240085?
3, 5, 271, 131303
What are the prime factors of 346509682?
2, 173254841
What are the prime factors of 36085961?
36085961
What are the prime factors of 3744916425?
3, 5, 41, 67, 73, 83
List the prime factors of 2370412507.
19, 431, 289463
What are the prime factors of 65676312?
2, 3, 13, 19, 1231
List the prime factors of 75575992.
2, 9446999
What are the prime factors of 490040162?
2, 23, 10653047
What are the prime factors of 554224013?
7, 79174859
List the prime factors of 63049687.
677, 93131
List the prime factors of 198787332.
2, 3, 16565611
List the prime factors of 53222828.
2, 23, 578509
What are the prime factors of 2324001013?
2324001013
List the prime factors of 10106769.
3, 3368923
List the prime factors of 1067242542.
2, 3, 43, 4136599
List the prime factors of 32360560.
2, 5, 404507
List the prime factors of 3009456843.
3, 31, 131, 337, 733
List the prime factors of 3358538.
2, 61, 27529
What are the prime factors of 2594870916?
2, 3, 11, 19658113
What are the prime factors of 328379103?
3, 13, 197, 1583
List the prime factors of 406662389.
7, 17, 29, 117839
What are the prime factors of 19533168?
2, 3, 135647
List the prime factors of 885335010.
2, 3, 5, 7, 17, 247993
What are the prime factors of 46649629?
13, 233, 15401
List the prime factors of 481453483.
7, 19, 137, 26423
List the prime factors of 369657712.
2, 139, 347, 479
What are the prime factors of 38034487?
71, 535697
List the prime factors of 1274337546.
2, 3, 29, 7323779
What are the prime factors of 127758272?
2, 1996223
List the prime factors of 273303964.
2, 68325991
List the prime factors of 6750528.
2, 3, 35159
List the prime factors of 1814232747.
3, 31, 19507879
What are the prime factors of 680163150?
2, 3, 5, 4534421
What are the prime factors of 123040658?
2, 13, 4732333
List the prime factors of 886400501.
7, 2467, 51329
What are the prime factors of 5182678?
2, 59, 167, 263
List the prime factors of 4215350409.
3, 1405116803
What are the prime factors of 331699316?
2, 13, 977, 6529
List the prime factors of 507180234.
2, 3, 11, 7684549
What are the prime factors of 47454347?
47454347
What are the prime factors of 609658424?
2, 23, 3313361
What are the prime factors of 2120633198?
2, 7529, 140831
What are the prime factors of 1431316544?
2, 7, 311, 10273
List the prime factors of 29492116.
2, 449, 16421
List the prime factors of 17261030.
2, 5, 1726103
What are the prime factors of 47237126?
2, 83, 284561
List the prime factors of 62483074.
2, 487, 64151
List the prime factors of 2132229858.
2, 3, 11, 23, 37, 37963
List the prime factors of 726194000.
2, 5, 7, 51871
What are the prime factors of 435737058?
2, 3, 89, 379, 2153
List the prime factors of 1073803106.
2, 1367, 392759
What are the prime factors of 2819744587?
11, 256340417
List the prime factors of 230344897.
179, 1286843
What are the prime factors of 908387988?
2, 3, 47, 53, 30389
What are the prime factors of 7951285?
5, 277, 5741
List the prime factors of 192046165.
5, 2179, 17627
List the prime factors of 480814239.
3, 12241, 13093
List the prime factors of 14257019.
7, 617, 3301
What are the prime factors of 286534070?
2, 5, 251, 114157
List the prime factors of 270201634.
2, 271, 498527
List the prime factors of 147348068.
2, 7, 311, 16921
What are the prime factors of 262683860?
2, 5, 13134193
What are the prime factors of 3027074272?
2, 977, 96823
List the prime factors of 619821832.
2, 7, 11068247
What are the prime factors of 84387681?
3, 7, 1339487
What are the prime factors of 172668142?
2, 1187, 72733
What are the prime factors of 214618327?
7, 11, 2787251
What are the prime factors of 432554055?
3, 5, 28836937
What are the prime factors of 29697031?
7, 13, 307, 1063
What are the prime factors of 41971508?
2, 71, 147787
What are the prime factors of 3904949072?
2, 1129, 216173
What are the prime factors of 35145262?
2, 17572631
List the prime factors of 3401257710.
2, 3, 5, 23, 4929359
What are the prime factors of 3932340?
2, 3, 5, 65539
What are the prime factors of 2818656932?
2, 7, 13, 7743563
What are the prime factors of 1069673001?
3, 19, 2237, 8389
List the prime factors of 266284899.
3, 29587211
What are the prime factors of 37905575?
5, 37, 43, 953
List the prime factors of 538691234.
2, 23, 1237, 9467
List the prime factors of 1985884908.
2, 3, 7, 103, 229529
List the prime factors of 30012850.
2, 5, 7, 85751
What are the prime factors of 424592980?
2, 5, 7, 113, 26839
List the prime factors of 55022288.
2, 229, 15017
What are the prime factors of 1482412941?
3, 54904183
What are the prime factors of 7600553?
101, 75253
List the prime factors of 460785816.
2, 3, 17, 53, 7103
What are the prime factors of 218200120?
2, 5, 569, 9587
List the prime factors of 7186280.
2, 5, 179657
What are the prime factors of 2799325?
5, 111973
List the prime factors of 11580196.
2, 17, 19, 8963
List the prime factors of 540406950.
2, 3, 5, 3602713
What are the prime factors of 3892072066?
2, 53, 5807, 6323
What are the prime factors of 24408844?
2, 19, 321169
List the prime factors of 21238454.
2, 47, 225941
List the prime factors of 1104186218.
2, 311, 1775219
List the prime factors of 36258973.
19, 1908367
List the prime factors of 139215151.
8641, 16111
What are the prime factors of 935210522?
2, 67, 431, 16193
What are the prime factors of 1456320523?
7, 79, 211, 1783
What are the prime factors of 471755296?
2, 29, 107, 4751
List the prime factors of 8723792.
2, 7, 11, 73, 97
List the prime factors of 235902402.
2, 3, 163, 26801
What are the prime factors of 1288149773?
59, 21833047
List the prime factors of 13519363.
11, 13, 94541
List the prime factors of 3326040201.
3, 11, 9431, 10687
What are the prime factors of 4123245266?
2, 7, 294517519
List the prime factors of 3158661.
3, 11, 95717
List the prime factors of 7453504.
2, 116461
List the prime factors of 3679278.
2, 3, 613213
List the prime factors of 47718849.
3, 659, 24137
List the prime factors of 1850125392.
2, 3, 12848093
What are the prime factors of 2613192058?
2, 23, 31, 607, 3019
List the prime factors of 10325219.
10325219
List the prime factors of 783587963.
783587963
What are the prime factors of 4454489599?
7, 19, 4784629
List the prime factors of 297488461.
297488461
List the prime factors of 396464447.
397, 998651
List the prime factors of 13124012.
2, 11, 379, 787
What are the prime factors of 1064358694?
2, 7, 211, 51473
List the prime factors of 291342498.
2, 3, 17, 1217, 2347
What are the prime factors of 358370339?
18287, 19597
List the prime factors of 140814862.
2, 70407431
List the prime factors of 479847891.
3, 29, 71, 131, 593
List the prime factors of 481878911.
23, 31, 419, 1613
List the prime factors of 2115934854.
2, 3, 11, 32059619
List the prime factors of 1349167645.
5, 7, 103, 263, 1423
What are the prime factors of 1557339392?
2, 7, 463, 1877
What are the prime factors of 4410692898?
2, 3, 239, 3075797
What are the prime factors of 217064363?
23, 59, 103, 1553
What are the prime factors of 392514161?
13, 2322569
List the prime factors of 178468135.
5, 35693627
List the prime factors of 322979090.
2, 5, 7, 17, 29, 191
What are the prime factors of 1641935547?
3, 7, 137, 281, 677
What are the prime factors of 9279436?
2, 379, 6121
What are the prime factors of 49946749?
49946749
What are the prime factors of 71234011?
541, 131671
List the prime factors of 200654339.
59, 1373, 2477
What are the prime factors of 4174855359?
3, 17, 81859909
List the prime factors of 7229865390.
2, 3, 5, 11, 71, 308573
List the prime factors of 404757996.
2, 3, 33729833
What are the prime factors of 38293861?
47, 814763
List the prime factors of 69372075.
3, 5, 924961
What are the prime factors 